 -309 + 349. What is the remainder when 197 is divided by b?
37
Suppose 0 = -z - 5*j + 27, 0 = -3*z - 3*j + 141. Suppose -f = 3*f - z. What is the remainder when f is divided by 3?
1
Let c be 2*(-2)/4*-5. Suppose -10 - 15 = -c*x. Suppose x*s - 4*m = 211, 5*s + 2*m + 2*m - 219 = 0. Calculate the remainder when s is divided by 23.
20
Suppose 5*c + 3*f = 13, -5 + 1 = f. Suppose -c*a = 2*y - 27, -2*a - 2*y = 2*a - 22. Let m(x) = -x + 2. What is the remainder when m(-7) is divided by a?
4
Let k(s) = -s**2 + 13*s + 4. Let q be k(8). Suppose 3*i - q = -4*j - 12, 4*j + i = 40. What is the remainder when 29 is divided by j?
7
Let t be 1/2 + 3/2. Let n = t - 0. What is the remainder when ((-3)/2)/(6/(-12)) - -3 is divided by n?
0
Let m = -28 - -13. Let c(b) = 13*b + 603. Calculate the remainder when c(-43) is divided by m/(-2)*(-2)/(-1).
14
Let b = 153 + -89. What is the remainder when 315 is divided by b?
59
Suppose 15*p - 37*p + 9482 = 0. Calculate the remainder when p is divided by 31.
28
Suppose 0 = -x + 4 + 14. Calculate the remainder when 122 is divided by x.
14
Let i = 41 + 179. What is the remainder when i is divided by 113?
107
Let b(x) = -x + 1. Let s(i) = i - 2. Let g(h) = 3*b(h) + s(h). What is the remainder when (-24)/(-2)*(6 - 5) is divided by g(-3)?
5
Suppose -7 = -m + 3*l + 1, -54 = -3*m - l. Calculate the remainder when 372 is divided by m.
15
Let s be 9 - 5 - (0 + 0/3). Suppose -s*u = t - 17, -4*t = -9*t - u + 123. What is the remainder when 123 is divided by t?
23
Let t(u) = 39*u**2 - u + 3. Let i(s) = 2*s**2 + 9*s - 1. Calculate the remainder when i(-9) is divided by t(1).
39
Suppose 0 = -47*y + 53*y - 30. What is the remainder when 133 is divided by y?
3
Suppose 15*v = 18*v + 24. Let m = v + 36. What is the remainder when 82 is divided by m?
26
What is the remainder when 139 is divided by 33/2*376/141?
7
Let t(h) = 4*h + 1. Let v be t(-1). Let r = 6 + v. Suppose -l + 4 = -4. Calculate the remainder when l is divided by r.
2
Suppose 0 = 2*b - 5*f - 3 + 1, 4*f = -3*b + 49. What is the remainder when 33 is divided by b?
0
Suppose 5*q + 5 = -5*a, 5*q - 15 = 3*a + 4*q. Let j = 21 + a. Suppose -5*b = -143 - j. Calculate the remainder when b is divided by 18.
14
Let z = 144 - 116. What is the remainder when z + 4/8*-8 + -1 is divided by 9?
5
Suppose 6*d - 6961 = -1813. What is the remainder when d is divided by 21?
18
Suppose 5*c = 3*c - 68. Let d be (106*(-4)/(-8))/1. Let i = c + d. What is the remainder when i is divided by 7?
5
Suppose 9*q - 14*q = -350. Let z = -48 + q. Calculate the remainder when z is divided by 14.
8
Suppose 0 = -5*i + 4*w + 290, 2*w = -i + 3*w + 57. Calculate the remainder when i is divided by (-32)/(-8) + 3 + 6.
10
Suppose -20*d + 24*d - 160 = 0. Suppose 5*k = 9*x - 12*x + 38, -4*k = 4*x - d. What is the remainder when 34 is divided by x?
4
Let y = -25 - -92. Calculate the remainder when y is divided by 17.
16
Suppose 39 = -5*r + 349. Let n = -53 + r. Calculate the remainder when 15 is divided by n.
6
Let p = -335 + 442. Calculate the remainder when p is divided by 12.
11
Calculate the remainder when (-476)/(-6) - 30/90 is divided by 17.
11
Suppose 0 = 8*s - 4 - 340. What is the remainder when 210 is divided by s?
38
Let i be 3714/24 + 2/8. Suppose -4*y + a + 194 = 0, -3*a - a = 3*y - i. Calculate the remainder when y is divided by 17.
15
Suppose -69*r - 12126 = -116*r. What is the remainder when r is divided by 67?
57
Suppose 49*c = 5*c + 2860. What is the remainder when 80 is divided by c?
15
Suppose -3*l + 111 = -66. Calculate the remainder when l is divided by (-120)/(-18)*9/2.
29
Suppose -2*m - 5*t - 6 + 29 = 0, 3*m - 2*t - 82 = 0. Calculate the remainder when 92 is divided by m.
20
Let a = 208 - 136. What is the remainder when a is divided by 3?
0
Let o be -1*(-8)/(5 + -1). Let v(h) = 0*h - 3*h - o + 0*h + 6. What is the remainder when 35 is divided by v(-3)?
9
Let k(j) = 5*j**3 + 2*j**2 - 2*j + 2. Let a(f) = -f**3 + f**2 + f. Let u(c) = -a(c) + k(c). What is the remainder when 11 is divided by u(1)?
5
Let h be ((-3)/6 - 0)*-64. Let a(x) = x**2 + 6*x - 12. What is the remainder when a(-11) is divided by 8/h + (-174)/(-8)?
21
What is the remainder when (-5 - (-100 + -6))*(-2 + 3) is divided by 34?
33
Let p(a) = -7*a**2 + 92*a - 74. What is the remainder when (-542)/(-10) + 3/(-15) is divided by p(12)?
10
Suppose 0 = z - 13*n + 8*n - 23, 4*z - 116 = -4*n. Calculate the remainder when 220 is divided by z.
24
Let r(w) = -w**3 - 12*w**2 - 16*w - 16. What is the remainder when 270 is divided by r(-11)?
36
Suppose 6*r + 330 = r. What is the remainder when 67 is divided by (-251)/(-11) + (-12)/r?
21
Let o = 3 + -20. Let c = o + 17. Suppose c = 3*r - 1 - 65. Calculate the remainder when 64 is divided by r.
20
Let x = -271 - -388. Suppose -2*z = -4*z + 60. Calculate the remainder when x is divided by z.
27
Let i(a) = 2*a**2 + 3*a + 1. Let z(m) = 55*m - 1. Let g = 7 - 6. What is the remainder when z(g) is divided by i(3)?
26
Suppose 2*g + 35*q = 36*q + 432, 0 = -5*g + 3*q + 1082. What is the remainder when g is divided by 45?
34
Let x(t) = 5*t**3 - 4*t**2 - t + 8. Let q be x(4). Suppose o + 92 = m + 5*o, q = 3*m + 4*o. Calculate the remainder when m is divided by 25.
9
Suppose 8*s + 21*s - 1769 = 0. Calculate the remainder when s is divided by 15.
1
Suppose z - 4*v = 4*z - 91, -2*z - v + 54 = 0. Calculate the remainder when 1046 is divided by z.
21
Let r = 27 + -24. Suppose 5*j - 69 = 3*n, 0 = -j - r*n - 2 + 23. What is the remainder when 28 is divided by j?
13
Suppose -5*y + 429 = -y + b, 0 = -y - b + 111. Let l = 49 - 13. What is the remainder when y is divided by l?
34
Suppose 0 = -b - 4*t + t - 5, 0 = -2*b + t + 11. Let q = -5 + 6. What is the remainder when b is divided by q?
0
Suppose 2*o + 0*o - 4*j = 42, -5*o - 4*j = -35. Suppose 0 = 4*f - 85 - 119. What is the remainder when f is divided by o?
7
Let l be (17 - -2)*(-8 + 2). Let o = -99 - l. What is the remainder when ((-1)/2)/((-3)/258) is divided by o?
13
Let c = -436 + 459. Calculate the remainder when c is divided by 23.
0
Let b = 76 + -38. What is the remainder when 568 is divided by b?
36
Suppose 3*a - 2*o - 508 = 0, -7 = o - 2. Calculate the remainder when a is divided by 17.
13
Let p = 83 - 75. Calculate the remainder when 8 is divided by p.
0
Let o = 23 - 19. Suppose -6*b + 20 = -o. Suppose -b*f = -4*h - 168, 2 - 14 = -f - 5*h. Calculate the remainder when f is divided by 10.
7
Let y(o) = -2*o + 27. What is the remainder when y(-22) is divided by 8?
7
Calculate the remainder when (-37)/(-2 + -2 - -3) is divided by 13.
11
Suppose x + 3*d = -7, 0*d + 2*d - 2 = -2*x. Suppose -616 = -x*y - p, -p - 27 - 225 = -2*y. Calculate the remainder when y is divided by 25.
24
Let d = 64 + 18. Let x = 120 - 99. Calculate the remainder when d is divided by x.
19
Let j(x) = 2*x**2 - 9*x - 7. Let s be j(-3). Suppose 2*y = 6*y + 8, 4*y = -2*d + s. Calculate the remainder when d is divided by 12.
11
Let d = -20 - -23. Suppose 120 = 4*c + 2*k - 0*k, d*c - 90 = 2*k. Calculate the remainder when c is divided by 11.
8
Let l = 3 + 2. Let a(y) = -y**2 - 8*y - 8. Let g be a(-9). Let p = 31 + g. Calculate the remainder when p is divided by l.
4
Let r(m) = m + 1. Let o(l) = l + 3. Let z be o(5). Let h be r(z). Let q = 3 + h. What is the remainder when 44 is divided by q?
8
Suppose -2*m - 10 = -88. Suppose -2*c + m + 17 = 0. Calculate the remainder when c is divided by 16.
12
Let j(i) = -i**3 + 21*i**2 + 33*i + 54. Calculate the remainder when j(22) is divided by 61.
52
Suppose 31*g - 217 = 24*g. What is the remainder when 90 is divided by g?
28
Let i be (-1)/(-1)*37 + 2 - -1. Calculate the remainder when 104 is divided by 43/2 + (-3 - i/(-16)).
20
Suppose n = 2*v + 4, -2*n - 4 = v + 3. Let r be (-2 - v) + 7 - -1. Let q = r + 16. What is the remainder when q is divided by 9?
7
Let y = -395 - -733. Calculate the remainder when y is divided by 68.
66
What is the remainder when 1682 is divided by ((-675)/450)/(2*1/(-12))?
8
Suppose 0 = o - 5 - 7. Suppose -y - 2*r + 7*r = o, 9 = 4*y - r. Calculate the remainder when 5 is divided by y.
2
Let r(w) = -w**3 + w - 8. Let b be r(0). Let f = -1 - -18. What is the remainder when -2*(-4)/b*-67 is divided by f?
16
Let r(i) = i + 16. Let k be